[INFO] cloning repository https://github.com/JoshOrndorff/instantiableModules
[INFO] running `Command { std: "git" "-c" "credential.helper=" "-c" "credential.helper=/workspace/cargo-home/bin/git-credential-null" "clone" "--bare" "https://github.com/JoshOrndorff/instantiableModules" "/workspace/cache/git-repos/https%3A%2F%2Fgithub.com%2FJoshOrndorff%2FinstantiableModules", kill_on_drop: false }`
[INFO] [stderr] Cloning into bare repository '/workspace/cache/git-repos/https%3A%2F%2Fgithub.com%2FJoshOrndorff%2FinstantiableModules'...
[INFO] running `Command { std: "git" "rev-parse" "HEAD", kill_on_drop: false }`
[INFO] [stdout] f4d50bf041ff338cd66659d2a4b5e5642c476f5b
[INFO] checking JoshOrndorff/instantiableModules against master#9610dfe5a9a731ced1ea4923ecbd0c57fe367898 for beta-170-4
[INFO] running `Command { std: "git" "clone" "/workspace/cache/git-repos/https%3A%2F%2Fgithub.com%2FJoshOrndorff%2FinstantiableModules" "/workspace/builds/worker-3-tc1/source", kill_on_drop: false }`
[INFO] [stderr] Cloning into '/workspace/builds/worker-3-tc1/source'...
[INFO] [stderr] done.
[INFO] validating manifest of git repo https://github.com/JoshOrndorff/instantiableModules on toolchain 9610dfe5a9a731ced1ea4923ecbd0c57fe367898
[INFO] running `Command { std: CARGO_HOME="/workspace/cargo-home" RUSTUP_HOME="/workspace/rustup-home" "/workspace/cargo-home/bin/cargo" "+9610dfe5a9a731ced1ea4923ecbd0c57fe367898" "metadata" "--manifest-path" "Cargo.toml" "--no-deps", kill_on_drop: false }`
[INFO] started tweaking git repo https://github.com/JoshOrndorff/instantiableModules
[INFO] finished tweaking git repo https://github.com/JoshOrndorff/instantiableModules
[INFO] tweaked toml for git repo https://github.com/JoshOrndorff/instantiableModules written to /workspace/builds/worker-3-tc1/source/Cargo.toml
[INFO] crate git repo https://github.com/JoshOrndorff/instantiableModules already has a lockfile, it will not be regenerated
[INFO] running `Command { std: CARGO_HOME="/workspace/cargo-home" RUSTUP_HOME="/workspace/rustup-home" "/workspace/cargo-home/bin/cargo" "+9610dfe5a9a731ced1ea4923ecbd0c57fe367898" "fetch" "--manifest-path" "Cargo.toml", kill_on_drop: false }`
[INFO] [stderr]     Updating git repository `https://github.com/paritytech/substrate.git`
[INFO] [stderr]     Updating git repository `https://github.com/paritytech/substrate-bip39`
[INFO] [stderr]     Updating git repository `https://github.com/paritytech/parity-common`
[INFO] [stderr]     Updating crates.io index
[INFO] [stderr]  Downloading crates ...
[INFO] [stderr]   Downloaded hex-literal-impl v0.1.2
[INFO] [stderr]   Downloaded libp2p-yamux v0.7.0
[INFO] [stderr]   Downloaded stdweb-internal-macros v0.2.7
[INFO] [stderr]   Downloaded stdweb-internal-runtime v0.1.4
[INFO] [stderr]   Downloaded blake2 v0.8.0
[INFO] [stderr]   Downloaded parity-wasm v0.31.3
[INFO] [stderr]   Downloaded parity-multiaddr v0.4.1
[INFO] [stderr]   Downloaded parity-multihash v0.1.2
[INFO] [stderr]   Downloaded malloc_size_of_derive v0.1.0
[INFO] [stderr]   Downloaded block-modes v0.3.3
[INFO] [stderr]   Downloaded tokio-dns-unofficial v0.4.0
[INFO] [stderr]   Downloaded libp2p-tcp v0.7.2
[INFO] [stderr]   Downloaded primitive-types v0.2.4
[INFO] [stderr]   Downloaded rustc-hex v2.0.1
[INFO] [stderr]   Downloaded bigint v4.4.1
[INFO] [stderr]   Downloaded exit-future v0.1.4
[INFO] [stderr]   Downloaded libp2p-websocket v0.7.0
[INFO] [stderr]   Downloaded parity-crypto v0.3.1
[INFO] [stderr]   Downloaded jsonrpc-ws-server v10.1.0
[INFO] [stderr]   Downloaded aes-ctr v0.3.0
[INFO] [stderr]   Downloaded jsonrpc-server-utils v10.1.0
[INFO] [stderr]   Downloaded schnorrkel v0.1.1
[INFO] [stderr]   Downloaded fdlimit v0.1.1
[INFO] [stderr]   Downloaded fs-swap v0.2.4
[INFO] [stderr]   Downloaded ctrlc v3.1.3
[INFO] [stderr]   Downloaded rocksdb v0.11.0
[INFO] [stderr]   Downloaded sysinfo v0.8.6
[INFO] [stderr]   Downloaded libp2p-kad v0.7.0
[INFO] [stderr]   Downloaded safe-mix v1.0.0
[INFO] [stderr]   Downloaded cexpr v0.3.5
[INFO] [stderr]   Downloaded libp2p-secio v0.7.0
[INFO] [stderr]   Downloaded wasm-bindgen-macro-support v0.2.48
[INFO] [stderr]   Downloaded web-sys v0.3.25
[INFO] [stderr]   Downloaded libp2p v0.7.0
[INFO] [stderr]   Downloaded websocket v0.22.4
[INFO] [stderr]   Downloaded ws v0.7.9
[INFO] [stderr]   Downloaded libp2p-core v0.7.1
[INFO] [stderr]   Downloaded bstr v0.2.2
[INFO] [stderr]   Downloaded secp256k1 v0.12.2
[INFO] [stderr]   Downloaded bindgen v0.47.3
[INFO] [stderr]   Downloaded stdweb v0.4.18
[INFO] [stderr]   Downloaded curve25519-dalek v1.2.1
[INFO] [stderr]   Downloaded wasm-bindgen v0.2.48
[INFO] [stderr]   Downloaded bumpalo v2.5.0
[INFO] [stderr]   Downloaded wasm-bindgen-macro v0.2.48
[INFO] [stderr]   Downloaded toml v0.5.1
[INFO] [stderr]   Downloaded x25519-dalek v0.5.2
[INFO] [stderr]   Downloaded ctr v0.3.2
[INFO] [stderr]   Downloaded integer-sqrt v0.1.2
[INFO] [stderr]   Downloaded cc v1.0.26
[INFO] [stderr]   Downloaded snow v0.5.2
[INFO] [stderr]   Downloaded proc-macro-hack v0.5.8
[INFO] [stderr]   Downloaded scrypt v0.1.2
[INFO] [stderr]   Downloaded jsonrpc-http-server v10.1.0
[INFO] [stderr]   Downloaded libp2p-identify v0.7.0
[INFO] [stderr]   Downloaded libp2p-mdns v0.7.0
[INFO] [stderr]   Downloaded libp2p-noise v0.5.0
[INFO] [stderr]   Downloaded libp2p-plaintext v0.7.0
[INFO] [stderr]   Downloaded wasm-bindgen-futures v0.3.25
[INFO] [stderr]   Downloaded tokio-tls v0.2.1
[INFO] [stderr]   Downloaded zeroize v0.5.2
[INFO] [stderr]   Downloaded strum_macros v0.14.0
[INFO] [stderr]   Downloaded hashmap_core v0.1.10
[INFO] [stderr]   Downloaded proc-macro-hack v0.4.2
[INFO] [stderr]   Downloaded clear_on_drop v0.2.3
[INFO] [stderr]   Downloaded asn1_der v0.6.2
[INFO] [stderr]   Downloaded wasmi v0.4.5
[INFO] [stderr]   Downloaded interleaved-ordered v0.1.1
[INFO] [stderr]   Downloaded libsecp256k1 v0.2.2
[INFO] [stderr]   Downloaded parity-ws v0.8.0
[INFO] [stderr]   Downloaded jsonrpc-derive v10.1.0
[INFO] [stderr]   Downloaded jsonrpc-pubsub v10.1.0
[INFO] [stderr]   Downloaded linked_hash_set v0.1.3
[INFO] [stderr]   Downloaded libp2p-dns v0.7.0
[INFO] [stderr]   Downloaded libp2p-mplex v0.7.0
[INFO] [stderr]   Downloaded rw-stream-sink v0.1.2
[INFO] [stderr]   Downloaded slog-async v2.3.0
[INFO] [stderr]   Downloaded slog-scope v4.1.1
[INFO] [stderr]   Downloaded memory-db v0.12.4
[INFO] [stderr]   Downloaded hex-literal v0.1.4
[INFO] [stderr]   Downloaded proc-macro-crate v0.1.4
[INFO] [stderr]   Downloaded subtle v2.1.0
[INFO] [stderr]   Downloaded opaque-debug v0.2.2
[INFO] [stderr]   Downloaded wasmi-validation v0.1.0
[INFO] [stderr]   Downloaded hash-db v0.12.4
[INFO] [stderr]   Downloaded target_info v0.1.0
[INFO] [stderr]   Downloaded libp2p-floodsub v0.7.0
[INFO] [stderr]   Downloaded static_slice v0.0.3
[INFO] [stderr]   Downloaded libp2p-ping v0.7.0
[INFO] [stderr]   Downloaded aio-limited v0.1.0
[INFO] [stderr]   Downloaded libp2p-ratelimit v0.7.0
[INFO] [stderr]   Downloaded stream-cipher v0.3.0
[INFO] [stderr]   Downloaded wasm-bindgen-shared v0.2.48
[INFO] [stderr]   Downloaded hash256-std-hasher v0.12.4
[INFO] [stderr]   Downloaded proc-macro-hack-impl v0.4.2
[INFO] [stderr]   Downloaded impl-serde v0.2.0
[INFO] [stderr]   Downloaded twofish v0.2.0
[INFO] [stderr]   Downloaded protobuf v2.7.0
[INFO] [stderr]   Downloaded data-encoding v2.1.2
[INFO] [stderr]   Downloaded wasm-bindgen-backend v0.2.48
[INFO] [stderr]   Downloaded elastic-array v0.10.2
[INFO] [stderr]   Downloaded libp2p-core-derive v0.7.0
[INFO] [stderr]   Downloaded js-sys v0.3.25
[INFO] [stderr]   Downloaded tk-listen v0.2.1
[INFO] [stderr]   Downloaded libp2p-uds v0.7.0
[INFO] [stderr]   Downloaded trie-db v0.12.4
[INFO] [stderr]   Downloaded twox-hash v1.4.2
[INFO] [stderr]   Downloaded trie-root v0.12.4
[INFO] [stderr]   Downloaded wasm-bindgen-webidl v0.2.48
[INFO] [stderr]   Downloaded asn1_der_derive v0.1.1
[INFO] [stderr]   Downloaded multistream-select v0.4.0
[INFO] [stderr]   Downloaded yamux v0.2.1
[INFO] [stderr]   Downloaded base-x v0.2.5
[INFO] [stderr]   Downloaded crossbeam v0.6.0
[INFO] [stderr]   Downloaded bs58 v0.2.2
[INFO] [stderr]   Downloaded environmental v1.0.1
[INFO] [stderr]   Downloaded nohash-hasher v0.1.1
[INFO] [stderr]   Downloaded quick-error v0.1.4
[INFO] [stderr]   Downloaded unsigned-varint v0.2.2
[INFO] [stderr]   Downloaded stdweb-derive v0.5.1
[INFO] [stderr]   Downloaded strum v0.14.0
[INFO] [stderr]   Downloaded impl-serde v0.1.1
[INFO] [stderr]   Downloaded parity-codec-derive v3.3.0
[INFO] [stderr]   Downloaded merlin v1.2.0
[INFO] [stderr]   Downloaded ring v0.14.6
[INFO] [stderr]   Downloaded librocksdb-sys v5.18.3
[INFO] [stderr]   Downloaded slog v2.5.0
[INFO] [stderr]   Downloaded parity-util-mem v0.1.0
[INFO] running `Command { std: "docker" "create" "-v" "/var/lib/crater-agent-workspace/builds/worker-3-tc1/target:/opt/rustwide/target:rw,Z" "-v" "/var/lib/crater-agent-workspace/builds/worker-3-tc1/source:/opt/rustwide/workdir:ro,Z" "-v" "/var/lib/crater-agent-workspace/cargo-home:/opt/rustwide/cargo-home:ro,Z" "-v" "/var/lib/crater-agent-workspace/rustup-home:/opt/rustwide/rustup-home:ro,Z" "-e" "SOURCE_DIR=/opt/rustwide/workdir" "-e" "CARGO_TARGET_DIR=/opt/rustwide/target" "-e" "CARGO_HOME=/opt/rustwide/cargo-home" "-e" "RUSTUP_HOME=/opt/rustwide/rustup-home" "-w" "/opt/rustwide/workdir" "-m" "1610612736" "--user" "0:0" "--network" "none" "ghcr.io/rust-lang/crates-build-env/linux@sha256:19e73879b68f455e41552ea35293514db52ea292d993f571636dbffedb77a1ee" "/opt/rustwide/cargo-home/bin/cargo" "+9610dfe5a9a731ced1ea4923ecbd0c57fe367898" "metadata" "--no-deps" "--format-version=1", kill_on_drop: false }`
[INFO] [stdout] 32400a8415d89199edef48e972f60eeab31f61fdebbe269a86f6ef7c39a7e60f
[INFO] running `Command { std: "docker" "start" "-a" "32400a8415d89199edef48e972f60eeab31f61fdebbe269a86f6ef7c39a7e60f", kill_on_drop: false }`
[INFO] running `Command { std: "docker" "inspect" "32400a8415d89199edef48e972f60eeab31f61fdebbe269a86f6ef7c39a7e60f", kill_on_drop: false }`
[INFO] running `Command { std: "docker" "rm" "-f" "32400a8415d89199edef48e972f60eeab31f61fdebbe269a86f6ef7c39a7e60f", kill_on_drop: false }`
[INFO] [stdout] 32400a8415d89199edef48e972f60eeab31f61fdebbe269a86f6ef7c39a7e60f
[INFO] running `Command { std: "docker" "create" "-v" "/var/lib/crater-agent-workspace/builds/worker-3-tc1/target:/opt/rustwide/target:rw,Z" "-v" "/var/lib/crater-agent-workspace/builds/worker-3-tc1/source:/opt/rustwide/workdir:ro,Z" "-v" "/var/lib/crater-agent-workspace/cargo-home:/opt/rustwide/cargo-home:ro,Z" "-v" "/var/lib/crater-agent-workspace/rustup-home:/opt/rustwide/rustup-home:ro,Z" "-e" "SOURCE_DIR=/opt/rustwide/workdir" "-e" "CARGO_TARGET_DIR=/opt/rustwide/target" "-e" "CARGO_INCREMENTAL=0" "-e" "RUST_BACKTRACE=full" "-e" "RUSTFLAGS=--cap-lints=forbid" "-e" "RUSTDOCFLAGS=--cap-lints=forbid" "-e" "CARGO_HOME=/opt/rustwide/cargo-home" "-e" "RUSTUP_HOME=/opt/rustwide/rustup-home" "-w" "/opt/rustwide/workdir" "-m" "1610612736" "--user" "0:0" "--network" "none" "ghcr.io/rust-lang/crates-build-env/linux@sha256:19e73879b68f455e41552ea35293514db52ea292d993f571636dbffedb77a1ee" "/opt/rustwide/cargo-home/bin/cargo" "+9610dfe5a9a731ced1ea4923ecbd0c57fe367898" "check" "--frozen" "--all" "--all-targets" "--message-format=json", kill_on_drop: false }`
[INFO] [stdout] 9fb94aefe70ed221586f6820c2de23201b494c28741641869e866ee53720ac5d
[INFO] running `Command { std: "docker" "start" "-a" "9fb94aefe70ed221586f6820c2de23201b494c28741641869e866ee53720ac5d", kill_on_drop: false }`
[INFO] [stderr]    Compiling libc v0.2.60
[INFO] [stderr]    Compiling arrayvec v0.4.11
[INFO] [stderr]    Compiling byteorder v1.3.2
[INFO] [stderr]     Checking cfg-if v0.1.9
[INFO] [stderr]    Compiling spin v0.5.0
[INFO] [stderr]    Compiling nodrop v0.1.13
[INFO] [stderr]    Compiling rayon-core v1.5.0
[INFO] [stderr]    Compiling scopeguard v0.3.3
[INFO] [stderr]    Compiling memoffset v0.2.1
[INFO] [stderr]    Compiling autocfg v0.1.4
[INFO] [stderr]    Compiling either v1.5.2
[INFO] [stderr]    Compiling syn v0.15.39
[INFO] [stderr]    Compiling typenum v1.10.0
[INFO] [stderr]     Checking rand_core v0.4.0
[INFO] [stderr]    Compiling log v0.4.7
[INFO] [stderr]     Checking smallvec v0.6.10
[INFO] [stderr]     Checking stable_deref_trait v1.1.1
[INFO] [stderr]    Compiling serde v1.0.94
[INFO] [stderr]    Compiling lazy_static v1.3.0
[INFO] [stderr]     Checking owning_ref v0.4.0
[INFO] [stderr]    Compiling parking_lot_core v0.4.0
[INFO] [stderr]    Compiling crossbeam-utils v0.6.5
[INFO] [stderr]     Checking rand_core v0.3.1
[INFO] [stderr]     Checking rand_jitter v0.1.4
[INFO] [stderr]     Checking rand_hc v0.1.0
[INFO] [stderr]     Checking rand_xorshift v0.1.1
[INFO] [stderr]     Checking rand_isaac v0.1.1
[INFO] [stderr]     Checking lock_api v0.1.5
[INFO] [stderr]    Compiling failure_derive v0.1.5
[INFO] [stderr]     Checking opaque-debug v0.2.2
[INFO] [stderr]     Checking byte-tools v0.3.1
[INFO] [stderr]     Checking fake-simd v0.1.2
[INFO] [stderr]     Checking futures v0.1.28
[INFO] [stderr]     Checking block-padding v0.1.4
[INFO] [stderr]     Checking rustc-demangle v0.1.15
[INFO] [stderr]     Checking subtle v1.0.0
[INFO] [stderr]    Compiling rand_pcg v0.1.2
[INFO] [stderr]    Compiling crossbeam-queue v0.1.2
[INFO] [stderr]    Compiling rand_chacha v0.1.1
[INFO] [stderr]    Compiling rand v0.6.5
[INFO] [stderr]    Compiling subtle v2.1.0
[INFO] [stderr]    Compiling crossbeam-epoch v0.7.1
[INFO] [stderr]     Checking keccak v0.1.0
[INFO] [stderr]     Checking untrusted v0.6.2
[INFO] [stderr]    Compiling memchr v2.2.1
[INFO] [stderr]     Checking arrayref v0.3.5
[INFO] [stderr]    Compiling regex v1.1.9
[INFO] [stderr]     Checking fnv v1.0.6
[INFO] [stderr]     Checking constant_time_eq v0.1.3
[INFO] [stderr]     Checking rand_os v0.1.3
[INFO] [stderr]    Compiling num_cpus v1.10.1
[INFO] [stderr]     Checking iovec v0.1.2
[INFO] [stderr]     Checking rand v0.4.6
[INFO] [stderr]     Checking rand v0.5.6
[INFO] [stderr]     Checking thread_local v0.3.6
[INFO] [stderr]    Compiling crossbeam-deque v0.6.3
[INFO] [stderr]     Checking bytes v0.4.12
[INFO] [stderr]    Compiling heapsize v0.4.2
[INFO] [stderr]     Checking ucd-util v0.1.3
[INFO] [stderr]    Compiling crunchy v0.2.2
[INFO] [stderr]     Checking regex-syntax v0.6.8
[INFO] [stderr]    Compiling version_check v0.1.5
[INFO] [stderr]     Checking generic-array v0.12.3
[INFO] [stderr]     Checking utf8-ranges v1.0.3
[INFO] [stderr]    Compiling num-traits v0.2.8
[INFO] [stderr]     Checking unicode-normalization v0.1.8
[INFO] [stderr]    Compiling proc-macro-hack-impl v0.4.2
[INFO] [stderr]     Checking digest v0.8.1
[INFO] [stderr]     Checking block-buffer v0.7.3
[INFO] [stderr]     Checking crypto-mac v0.7.0
[INFO] [stderr]     Checking tokio-io v0.1.12
[INFO] [stderr]    Compiling rayon v1.1.0
[INFO] [stderr]     Checking sha2 v0.8.0
[INFO] [stderr]     Checking sha3 v0.8.2
[INFO] [stderr]     Checking tokio-executor v0.1.8
[INFO] [stderr]     Checking hmac v0.7.1
[INFO] [stderr]     Checking aho-corasick v0.7.4
[INFO] [stderr]     Checking rustc-hex v2.0.1
[INFO] [stderr]     Checking tokio-timer v0.2.11
[INFO] [stderr]    Compiling bitflags v1.1.0
[INFO] [stderr]     Checking percent-encoding v1.0.1
[INFO] [stderr]     Checking hash-db v0.12.4
[INFO] [stderr]     Checking pbkdf2 v0.3.0
[INFO] [stderr]     Checking net2 v0.2.33
[INFO] [stderr]     Checking parity-wasm v0.31.3
[INFO] [stderr]    Compiling sr-std v1.0.0 (https://github.com/paritytech/substrate.git?rev=2e30b7321df0cc4dba525cfcf18df8438e12b830#2e30b732)
[INFO] [stderr]     Checking static_assertions v0.2.5
[INFO] [stderr]     Checking tokio-codec v0.1.1
[INFO] [stderr]     Checking fixed-hash v0.3.2
[INFO] [stderr]     Checking uint v0.7.1
[INFO] [stderr]     Checking hashbrown v0.1.8
[INFO] [stderr]     Checking byte-tools v0.2.0
[INFO] [stderr]    Compiling proc-macro-hack v0.4.2
[INFO] [stderr]     Checking parking_lot v0.7.1
[INFO] [stderr]     Checking memory_units v0.3.0
[INFO] [stderr]    Compiling hex-literal-impl v0.1.2
[INFO] [stderr]     Checking twox-hash v1.4.2
[INFO] [stderr]     Checking hash256-std-hasher v0.12.4
[INFO] [stderr]     Checking generic-array v0.8.3
[INFO] [stderr]     Checking blake2-rfc v0.2.18
[INFO] [stderr]     Checking quick-error v1.2.2
[INFO] [stderr]     Checking mio v0.6.19
[INFO] [stderr]     Checking base58 v0.1.0
[INFO] [stderr]     Checking hex v0.3.2
[INFO] [stderr]     Checking once_cell v0.1.8
[INFO] [stderr]     Checking unsigned-varint v0.2.2
[INFO] [stderr]     Checking idna v0.1.5
[INFO] [stderr]     Checking elastic-array v0.10.2
[INFO] [stderr]     Checking blake2 v0.8.0
[INFO] [stderr]     Checking digest v0.6.2
[INFO] [stderr]     Checking sha-1 v0.8.1
[INFO] [stderr]     Checking hashmap_core v0.1.10
[INFO] [stderr]    Compiling protobuf v2.7.0
[INFO] [stderr]     Checking crypto-mac v0.4.0
[INFO] [stderr]     Checking tokio-sync v0.1.6
[INFO] [stderr]     Checking data-encoding v2.1.2
[INFO] [stderr]     Checking bs58 v0.2.2
[INFO] [stderr]     Checking parity-multihash v0.1.2
[INFO] [stderr]     Checking hmac v0.4.2
[INFO] [stderr]     Checking trie-db v0.12.4
[INFO] [stderr]     Checking multistream-select v0.4.0
[INFO] [stderr]     Checking hex-literal v0.1.4
[INFO] [stderr]     Checking block-buffer v0.2.0
[INFO] [stderr]     Checking rw-stream-sink v0.1.2
[INFO] [stderr]     Checking trie-root v0.12.4
[INFO] [stderr]     Checking tiny-keccak v1.5.0
[INFO] [stderr]     Checking zeroize v0.5.2
[INFO] [stderr]     Checking sha2 v0.6.0
[INFO] [stderr]     Checking hmac-drbg v0.1.2
[INFO] [stderr]     Checking url v1.7.2
[INFO] [stderr]    Compiling sr-io v1.0.0 (https://github.com/paritytech/substrate.git?rev=2e30b7321df0cc4dba525cfcf18df8438e12b830#2e30b732)
[INFO] [stderr]     Checking environmental v1.0.1
[INFO] [stderr]     Checking itoa v0.4.4
[INFO] [stderr]     Checking integer-sqrt v0.1.2
[INFO] [stderr]     Checking tokio-reactor v0.1.9
[INFO] [stderr]    Compiling pkg-config v0.3.14
[INFO] [stderr]     Checking libsecp256k1 v0.2.2
[INFO] [stderr]     Checking mio-uds v0.6.7
[INFO] [stderr]     Checking wasmi-validation v0.1.0
[INFO] [stderr]     Checking crossbeam-deque v0.7.1
[INFO] [stderr]    Compiling ryu v1.0.0
[INFO] [stderr]     Checking tokio-current-thread v0.1.6
[INFO] [stderr]     Checking tokio-tcp v0.1.3
[INFO] [stderr]     Checking tokio-udp v0.1.3
[INFO] [stderr]     Checking tokio-threadpool v0.1.15
[INFO] [stderr]     Checking tokio-uds v0.2.5
[INFO] [stderr]     Checking block-cipher-trait v0.6.2
[INFO] [stderr]     Checking time v0.1.42
[INFO] [stderr]     Checking wasmi v0.4.5
[INFO] [stderr]    Compiling num-integer v0.1.41
[INFO] [stderr]    Compiling openssl v0.10.23
[INFO] [stderr]    Compiling parking_lot_core v0.3.1
[INFO] [stderr]    Compiling cc v1.0.26
[INFO] [stderr]     Checking sha1 v0.6.0
[INFO] [stderr]     Checking aes-soft v0.3.3
[INFO] [stderr]    Compiling unicase v1.4.2
[INFO] [stderr]     Checking stream-cipher v0.3.0
[INFO] [stderr]    Compiling unicode-segmentation v1.3.0
[INFO] [stderr]     Checking tokio-fs v0.1.6
[INFO] [stderr]    Compiling native-tls v0.2.3
[INFO] [stderr]     Checking ctr v0.3.2
[INFO] [stderr]    Compiling error-chain v0.12.1
[INFO] [stderr]     Checking futures-cpupool v0.1.8
[INFO] [stderr]     Checking log v0.3.9
[INFO] [stderr]    Compiling crunchy v0.1.6
[INFO] [stderr]     Checking safemem v0.3.0
[INFO] [stderr]     Checking base64 v0.9.3
[INFO] [stderr]     Checking tokio v0.1.22
[INFO] [stderr]     Checking aes-ctr v0.3.0
[INFO] [stderr]     Checking mime v0.2.6
[INFO] [stderr]     Checking parking_lot_core v0.2.14
[INFO] [stderr]     Checking parking_lot v0.6.4
[INFO] [stderr]     Checking rand v0.3.23
[INFO] [stderr]     Checking owning_ref v0.3.3
[INFO] [stderr]    Compiling heck v0.3.1
[INFO] [stderr]    Compiling snow v0.5.2
[INFO] [stderr]     Checking typeable v0.1.2
[INFO] [stderr]     Checking language-tags v0.2.2
[INFO] [stderr]     Checking traitobject v0.1.0
[INFO] [stderr]     Checking base64 v0.10.1
[INFO] [stderr]     Checking parking_lot v0.5.5
[INFO] [stderr]     Checking c_linked_list v1.1.1
[INFO] [stderr]     Checking static_slice v0.0.3
[INFO] [stderr]     Checking quick-error v0.1.4
[INFO] [stderr]     Checking nohash-hasher v0.1.1
[INFO] [stderr]     Checking byteorder v0.5.3
[INFO] [stderr]    Compiling slog v2.5.0
[INFO] [stderr]     Checking bigint v4.4.1
[INFO] [stderr]     Checking tokio-dns-unofficial v0.4.0
[INFO] [stderr]     Checking tk-listen v0.2.1
[INFO] [stderr]     Checking get_if_addrs v0.5.3
[INFO] [stderr]     Checking hyper v0.10.16
[INFO] [stderr]     Checking yamux v0.2.1
[INFO] [stderr]     Checking twofish v0.2.0
[INFO] [stderr]     Checking cuckoofilter v0.3.2
[INFO] [stderr]     Checking dns-parser v0.8.0
[INFO] [stderr]     Checking strum v0.14.0
[INFO] [stderr]     Checking lazycell v1.2.1
[INFO] [stderr]     Checking crossbeam-channel v0.3.8
[INFO] [stderr]     Checking take_mut v0.2.2
[INFO] [stderr]     Checking aio-limited v0.1.0
[INFO] [stderr]     Checking parity-bytes v0.1.0 (https://github.com/paritytech/parity-common?rev=b0317f649ab2c665b7987b8475878fc4d2e1f81d#b0317f64)
[INFO] [stderr]     Checking mio-extras v2.0.5
[INFO] [stderr]     Checking kvdb v0.1.0 (https://github.com/paritytech/parity-common?rev=b0317f649ab2c665b7987b8475878fc4d2e1f81d#b0317f64)
[INFO] [stderr]    Compiling safe-mix v1.0.0
[INFO] [stderr]     Checking bitmask v0.5.0
[INFO] [stderr]    Compiling glob v0.2.11
[INFO] [stderr]    Compiling nom v4.2.3
[INFO] [stderr]     Checking chrono v0.4.7
[INFO] [stderr]    Compiling backtrace-sys v0.1.30
[INFO] [stderr]    Compiling clear_on_drop v0.2.3
[INFO] [stderr]    Compiling ring v0.14.6
[INFO] [stderr]    Compiling secp256k1 v0.12.2
[INFO] [stderr]    Compiling openssl-sys v0.9.47
[INFO] [stderr]     Checking crossbeam v0.6.0
[INFO] [stderr]     Checking slog-async v2.3.0
[INFO] [stderr]    Compiling libloading v0.5.2
[INFO] [stderr]    Compiling atty v0.2.13
[INFO] [stderr]     Checking slog-scope v4.1.1
[INFO] [stderr]    Compiling clang-sys v0.26.4
[INFO] [stderr]    Compiling unicode-width v0.1.5
[INFO] [stderr]     Checking merlin v1.2.0
[INFO] [stderr]    Compiling synstructure v0.10.2
[INFO] [stderr]    Compiling curve25519-dalek v1.2.1
[INFO] [stderr]    Compiling humantime v1.2.0
[INFO] [stderr]     Checking backtrace v0.3.32
[INFO] [stderr]    Compiling textwrap v0.10.0
[INFO] [stderr] The following warnings were emitted during compilation:
[INFO] [stderr] 
[INFO] [stderr] warning: build/expando.c:4:24: error: pasting "RUST_VERSION_OPENSSL_" and "(" does not give a valid preprocessing token
[INFO] [stderr] warning:     4 | #define VERSION2(n, v) RUST_VERSION_##n##_##v
[INFO] [stderr] warning:       |                        ^~~~~~~~~~~~~
[INFO] [stderr] warning: build/expando.c:5:23: note: in expansion of macro 'VERSION2'
[INFO] [stderr] warning:     5 | #define VERSION(n, v) VERSION2(n, v)
[INFO] [stderr] warning:       |                       ^~~~~~~~
[INFO] [stderr] warning: build/expando.c:10:1: note: in expansion of macro 'VERSION'
[INFO] [stderr] warning:    10 | VERSION(OPENSSL, OPENSSL_VERSION_NUMBER)
[INFO] [stderr] warning:       | ^~~~~~~
[INFO] [stderr] 
[INFO] [stderr] error: failed to run custom build command for `openssl-sys v0.9.47`
[INFO] [stderr] note: To improve backtraces for build dependencies, set the CARGO_PROFILE_DEV_BUILD_OVERRIDE_DEBUG=true environment variable to enable debug information generation.
[INFO] [stderr] 
[INFO] [stderr] Caused by:
[INFO] [stderr]   process didn't exit successfully: `/opt/rustwide/target/debug/build/openssl-sys-7c005dc36dd2e8e8/build-script-main` (exit status: 101)
[INFO] [stderr]   --- stdout
[INFO] [stderr]   cargo:rustc-cfg=const_fn
[INFO] [stderr]   cargo:rerun-if-env-changed=X86_64_UNKNOWN_LINUX_GNU_OPENSSL_LIB_DIR
[INFO] [stderr]   X86_64_UNKNOWN_LINUX_GNU_OPENSSL_LIB_DIR unset
[INFO] [stderr]   cargo:rerun-if-env-changed=OPENSSL_LIB_DIR
[INFO] [stderr]   OPENSSL_LIB_DIR unset
[INFO] [stderr]   cargo:rerun-if-env-changed=X86_64_UNKNOWN_LINUX_GNU_OPENSSL_INCLUDE_DIR
[INFO] [stderr]   X86_64_UNKNOWN_LINUX_GNU_OPENSSL_INCLUDE_DIR unset
[INFO] [stderr]   cargo:rerun-if-env-changed=OPENSSL_INCLUDE_DIR
[INFO] [stderr]   OPENSSL_INCLUDE_DIR unset
[INFO] [stderr]   cargo:rerun-if-env-changed=X86_64_UNKNOWN_LINUX_GNU_OPENSSL_DIR
[INFO] [stderr]   X86_64_UNKNOWN_LINUX_GNU_OPENSSL_DIR unset
[INFO] [stderr]   cargo:rerun-if-env-changed=OPENSSL_DIR
[INFO] [stderr]   OPENSSL_DIR unset
[INFO] [stderr]   cargo:rustc-link-lib=ssl
[INFO] [stderr]   cargo:rustc-link-lib=crypto
[INFO] [stderr]   OPT_LEVEL = Some("0")
[INFO] [stderr]   TARGET = Some("x86_64-unknown-linux-gnu")
[INFO] [stderr]   HOST = Some("x86_64-unknown-linux-gnu")
[INFO] [stderr]   CC_x86_64-unknown-linux-gnu = None
[INFO] [stderr]   CC_x86_64_unknown_linux_gnu = None
[INFO] [stderr]   HOST_CC = None
[INFO] [stderr]   CC = None
[INFO] [stderr]   CFLAGS_x86_64-unknown-linux-gnu = None
[INFO] [stderr]   CFLAGS_x86_64_unknown_linux_gnu = None
[INFO] [stderr]   HOST_CFLAGS = None
[INFO] [stderr]   CFLAGS = None
[INFO] [stderr]   DEBUG = Some("true")
[INFO] [stderr]   running: "cc" "-O0" "-ffunction-sections" "-fdata-sections" "-fPIC" "-g" "-fno-omit-frame-pointer" "-m64" "-Wall" "-Wextra" "-E" "build/expando.c"
[INFO] [stderr]   cargo:warning=build/expando.c:4:24: error: pasting "RUST_VERSION_OPENSSL_" and "(" does not give a valid preprocessing token
[INFO] [stderr]   cargo:warning=    4 | #define VERSION2(n, v) RUST_VERSION_##n##_##v
[INFO] [stderr]   cargo:warning=      |                        ^~~~~~~~~~~~~
[INFO] [stderr]   cargo:warning=build/expando.c:5:23: note: in expansion of macro 'VERSION2'
[INFO] [stderr]   cargo:warning=    5 | #define VERSION(n, v) VERSION2(n, v)
[INFO] [stderr]   cargo:warning=      |                       ^~~~~~~~
[INFO] [stderr]   cargo:warning=build/expando.c:10:1: note: in expansion of macro 'VERSION'
[INFO] [stderr]   cargo:warning=   10 | VERSION(OPENSSL, OPENSSL_VERSION_NUMBER)
[INFO] [stderr]   cargo:warning=      | ^~~~~~~
[INFO] [stderr]   exit status: 1
[INFO] [stderr] 
[INFO] [stderr]   --- stderr
[INFO] [stderr]   thread 'main' panicked at '
[INFO] [stderr]   Header expansion error:
[INFO] [stderr]   Error { kind: ToolExecError, message: "Command \"cc\" \"-O0\" \"-ffunction-sections\" \"-fdata-sections\" \"-fPIC\" \"-g\" \"-fno-omit-frame-pointer\" \"-m64\" \"-Wall\" \"-Wextra\" \"-E\" \"build/expando.c\" with args \"cc\" did not execute successfully (status code exit status: 1)." }
[INFO] [stderr] 
[INFO] [stderr]   Failed to find OpenSSL development headers.
[INFO] [stderr] 
[INFO] [stderr]   You can try fixing this setting the `OPENSSL_DIR` environment variable
[INFO] [stderr]   pointing to your OpenSSL installation or installing OpenSSL headers package
[INFO] [stderr]   specific to your distribution:
[INFO] [stderr] 
[INFO] [stderr]       # On Ubuntu
[INFO] [stderr]       sudo apt-get install libssl-dev
[INFO] [stderr]       # On Arch Linux
[INFO] [stderr]       sudo pacman -S openssl
[INFO] [stderr]       # On Fedora
[INFO] [stderr]       sudo dnf install openssl-devel
[INFO] [stderr] 
[INFO] [stderr]   See rust-openssl README for more information:
[INFO] [stderr] 
[INFO] [stderr]       https://github.com/sfackler/rust-openssl#linux
[INFO] [stderr]   ', /opt/rustwide/cargo-home/registry/src/index.crates.io-6f17d22bba15001f/openssl-sys-0.9.47/build/main.rs:126:13
[INFO] [stderr]   stack backtrace:
[INFO] [stderr]      0:     0x562d995fd071 - std::backtrace_rs::backtrace::libunwind::trace::h036e87df56fc4b9d
[INFO] [stderr]                                  at /rustc/9610dfe5a9a731ced1ea4923ecbd0c57fe367898/library/std/src/../../backtrace/src/backtrace/libunwind.rs:93:5
[INFO] [stderr]      1:     0x562d995fd071 - std::backtrace_rs::backtrace::trace_unsynchronized::hd61eb2dbd6ae476a
[INFO] [stderr]                                  at /rustc/9610dfe5a9a731ced1ea4923ecbd0c57fe367898/library/std/src/../../backtrace/src/backtrace/mod.rs:66:5
[INFO] [stderr]      2:     0x562d995fd071 - std::sys_common::backtrace::_print_fmt::h00c50d0875db23c9
[INFO] [stderr]                                  at /rustc/9610dfe5a9a731ced1ea4923ecbd0c57fe367898/library/std/src/sys_common/backtrace.rs:65:5
[INFO] [stderr]      3:     0x562d995fd071 - <std::sys_common::backtrace::_print::DisplayBacktrace as core::fmt::Display>::fmt::h63195ab2dde77ccc
[INFO] [stderr]                                  at /rustc/9610dfe5a9a731ced1ea4923ecbd0c57fe367898/library/std/src/sys_common/backtrace.rs:44:22
[INFO] [stderr]      4:     0x562d9961ef8f - core::fmt::rt::Argument::fmt::h83f4110348c688f4
[INFO] [stderr]                                  at /rustc/9610dfe5a9a731ced1ea4923ecbd0c57fe367898/library/core/src/fmt/rt.rs:138:9
[INFO] [stderr]      5:     0x562d9961ef8f - core::fmt::write::h509367dd365f983a
[INFO] [stderr]                                  at /rustc/9610dfe5a9a731ced1ea4923ecbd0c57fe367898/library/core/src/fmt/mod.rs:1094:21
[INFO] [stderr]      6:     0x562d995fa7a1 - std::io::Write::write_fmt::h8e60bfebdaabfee5
[INFO] [stderr]                                  at /rustc/9610dfe5a9a731ced1ea4923ecbd0c57fe367898/library/std/src/io/mod.rs:1713:15
[INFO] [stderr]      7:     0x562d995fce85 - std::sys_common::backtrace::_print::h96e550016098cde6
[INFO] [stderr]                                  at /rustc/9610dfe5a9a731ced1ea4923ecbd0c57fe367898/library/std/src/sys_common/backtrace.rs:47:5
[INFO] [stderr]      8:     0x562d995fce85 - std::sys_common::backtrace::print::h7a049611b153a02e
[INFO] [stderr]                                  at /rustc/9610dfe5a9a731ced1ea4923ecbd0c57fe367898/library/std/src/sys_common/backtrace.rs:34:9
[INFO] [stderr]      9:     0x562d995fe557 - std::panicking::default_hook::{{closure}}::h1b023d46676794c4
[INFO] [stderr]     10:     0x562d995fe344 - std::panicking::default_hook::hea2961dabcf68e83
[INFO] [stderr]                                  at /rustc/9610dfe5a9a731ced1ea4923ecbd0c57fe367898/library/std/src/panicking.rs:288:9
[INFO] [stderr]     11:     0x562d995fea0c - std::panicking::rust_panic_with_hook::h4285c91a8168b001
[INFO] [stderr]                                  at /rustc/9610dfe5a9a731ced1ea4923ecbd0c57fe367898/library/std/src/panicking.rs:705:13
[INFO] [stderr]     12:     0x562d995fe907 - std::panicking::begin_panic_handler::{{closure}}::h6ebd0d46f0c6b010
[INFO] [stderr]                                  at /rustc/9610dfe5a9a731ced1ea4923ecbd0c57fe367898/library/std/src/panicking.rs:597:13
[INFO] [stderr]     13:     0x562d995fd4a6 - std::sys_common::backtrace::__rust_end_short_backtrace::h92042d128576b63a
[INFO] [stderr]                                  at /rustc/9610dfe5a9a731ced1ea4923ecbd0c57fe367898/library/std/src/sys_common/backtrace.rs:151:18
[INFO] [stderr]     14:     0x562d995fe652 - rust_begin_unwind
[INFO] [stderr]                                  at /rustc/9610dfe5a9a731ced1ea4923ecbd0c57fe367898/library/std/src/panicking.rs:593:5
[INFO] [stderr]     15:     0x562d99574693 - core::panicking::panic_fmt::h65404fc8061ee73a
[INFO] [stderr]                                  at /rustc/9610dfe5a9a731ced1ea4923ecbd0c57fe367898/library/core/src/panicking.rs:67:14
[INFO] [stderr]     16:     0x562d99578b7a - build_script_main::validate_headers::h606f7de8a7d542d2
[INFO] [stderr]     17:     0x562d9957f05a - build_script_main::find::try_pkg_config::h8360ac93e848f6ce
[INFO] [stderr]     18:     0x562d9957deea - build_script_main::find::find_openssl_dir::h7bad4d4c87e27d3b
[INFO] [stderr]     19:     0x562d9957dd32 - build_script_main::find::get_openssl::{{closure}}::ha3c9b79a67a49ed7
[INFO] [stderr]     20:     0x562d99580a39 - core::option::Option<T>::unwrap_or_else::h453f08c9d4476c90
[INFO] [stderr]     21:     0x562d9957db21 - build_script_main::find::get_openssl::h85cd43f95a7d3e4b
[INFO] [stderr]     22:     0x562d99576805 - build_script_main::main::hb7398a346a4d0927
[INFO] [stderr]     23:     0x562d9957b563 - core::ops::function::FnOnce::call_once::h29c8aadb93f99aa6
[INFO] [stderr]     24:     0x562d9957f706 - std::sys_common::backtrace::__rust_begin_short_backtrace::hdde33c0049899a0c
[INFO] [stderr]     25:     0x562d9957a489 - std::rt::lang_start::{{closure}}::hf60dd16fb91a0381
[INFO] [stderr]     26:     0x562d995f6b35 - core::ops::function::impls::<impl core::ops::function::FnOnce<A> for &F>::call_once::h49ef85a8a8d45198
[INFO] [stderr]                                  at /rustc/9610dfe5a9a731ced1ea4923ecbd0c57fe367898/library/core/src/ops/function.rs:284:13
[INFO] [stderr]     27:     0x562d995f6b35 - std::panicking::try::do_call::ha1def14af693a135
[INFO] [stderr]                                  at /rustc/9610dfe5a9a731ced1ea4923ecbd0c57fe367898/library/std/src/panicking.rs:500:40
[INFO] [stderr]     28:     0x562d995f6b35 - std::panicking::try::haa3dc2a1139932e2
[INFO] [stderr]                                  at /rustc/9610dfe5a9a731ced1ea4923ecbd0c57fe367898/library/std/src/panicking.rs:464:19
[INFO] [stderr]     29:     0x562d995f6b35 - std::panic::catch_unwind::h9d9cbebaf9f15c67
[INFO] [stderr]                                  at /rustc/9610dfe5a9a731ced1ea4923ecbd0c57fe367898/library/std/src/panic.rs:142:14
[INFO] [stderr]     30:     0x562d995f6b35 - std::rt::lang_start_internal::{{closure}}::hf660a772669a69cc
[INFO] [stderr]                                  at /rustc/9610dfe5a9a731ced1ea4923ecbd0c57fe367898/library/std/src/rt.rs:148:48
[INFO] [stderr]     31:     0x562d995f6b35 - std::panicking::try::do_call::hb1c34715bb9b1c46
[INFO] [stderr]                                  at /rustc/9610dfe5a9a731ced1ea4923ecbd0c57fe367898/library/std/src/panicking.rs:500:40
[INFO] [stderr]     32:     0x562d995f6b35 - std::panicking::try::h499866fd990da8f1
[INFO] [stderr]                                  at /rustc/9610dfe5a9a731ced1ea4923ecbd0c57fe367898/library/std/src/panicking.rs:464:19
[INFO] [stderr]     33:     0x562d995f6b35 - std::panic::catch_unwind::hac1ffec55b72e7bc
[INFO] [stderr]                                  at /rustc/9610dfe5a9a731ced1ea4923ecbd0c57fe367898/library/std/src/panic.rs:142:14
[INFO] [stderr]     34:     0x562d995f6b35 - std::rt::lang_start_internal::h0fecf91cd579e7b6
[INFO] [stderr]                                  at /rustc/9610dfe5a9a731ced1ea4923ecbd0c57fe367898/library/std/src/rt.rs:148:20
[INFO] [stderr]     35:     0x562d9957a467 - std::rt::lang_start::h44756cc5c4bcab70
[INFO] [stderr]     36:     0x562d99579885 - main
[INFO] [stderr]     37:     0x7fe2f01b1d90 - <unknown>
[INFO] [stderr]     38:     0x7fe2f01b1e40 - __libc_start_main
[INFO] [stderr]     39:     0x562d99574e25 - _start
[INFO] [stderr]     40:                0x0 - <unknown>
[INFO] [stderr] warning: build failed, waiting for other jobs to finish...
[INFO] running `Command { std: "docker" "inspect" "9fb94aefe70ed221586f6820c2de23201b494c28741641869e866ee53720ac5d", kill_on_drop: false }`
[INFO] running `Command { std: "docker" "rm" "-f" "9fb94aefe70ed221586f6820c2de23201b494c28741641869e866ee53720ac5d", kill_on_drop: false }`
[INFO] [stdout] 9fb94aefe70ed221586f6820c2de23201b494c28741641869e866ee53720ac5d
